ighest common factor of 73380 and q.
30
Let q = -10649 + 10663. Calculate the highest common divisor of 32 and q.
2
Let i = 4366 + -4364. Calculate the greatest common factor of 386 and i.
2
Let b be (14/3)/(6/108). Let l = -234 + 239. Suppose -l*v + 163 = 3*h, 16*v = 4*h + 19*v - 221. What is the greatest common divisor of h and b?
28
Let h(p) = 464*p + 70. Let c be h(2). Suppose 0 = -18*l + 802 + c. What is the greatest common factor of l and 20?
20
Let p = 214 + -220. Let q(k) = k**3 + 6*k**2 - 10*k - 15. Let i be q(p). Let f(z) = -z + 1. Let h be f(-4). Calculate the highest common factor of i and h.
5
Let k be 9/(-5)*-861*(-155)/(-279). Calculate the highest common divisor of k and 4592.
287
Let b(l) = l**3 + 45*l**2 + 232*l - 72. Let u be b(-39). What is the greatest common factor of 2424 and u?
6
Suppose 0 = 160*d - 35084 - 64916. What is the highest common factor of 2875 and d?
125
Suppose -2317 + 1669 = -8*o. Let a(u) = -18*u + 27. Let v be a(-6). Calculate the greatest common divisor of o and v.
27
Let s = -8378 - -8397. Let p(k) = 2*k - 26 + 7 - 15. Let q be p(s). Calculate the highest common factor of 1 and q.
1
Let m(b) = -178*b - 2042. Let t be m(-31). Calculate the highest common factor of t and 33.
11
Let u be (-2)/((-4)/(-50)) - -3. Let o(f) = -89*f - 146. Let t be o(u). Calculate the greatest common factor of 12 and t.
12
Let w = 30285 - 30261. Let z be ((-4)/6)/(1/(-18)). Calculate the highest common factor of w and z.
12
Let o = -2546 + 2774. What is the greatest common factor of o and 342?
114
Let g = -4291 + 4361. Calculate the highest common factor of g and 98.
14
Let o(s) = 106*s + 85. Let l be o(5). Let g = l - 215. What is the greatest common divisor of 80 and g?
80
Suppose -5309 = -12*t + 3907. What is the highest common divisor of 2 and t?
2
Let n be (-100)/((-5)/(5/1)). Suppose j + 2*r + n - 356 = 0, -800 = -3*j + 2*r. Calculate the greatest common factor of j and 11.
11
Suppose 7 = 2*i + 2*f + 77, 0 = 2*f. Let l = 66 + i. Let o(x) = 9*x**2 + 3*x - 1. Let k be o(4). What is the highest common factor of k and l?
31
Let x be (10 + (-1936)/33 + 7)*-540. Calculate the highest common divisor of 180 and x.
180
Let p(v) be the third derivative of v**5/60 + 3*v**4/4 + 29*v**3/2 - 77*v**2. Let m be p(-11). What is the highest common divisor of m and 70?
10
Let k be 2 + 0 + -2 - -33. Suppose -2*l + k = -19. Let w = 9367 + -9081. Calculate the greatest common factor of w and l.
26
Suppose 6*g = 9*g + 4*v - 36, g + 5*v - 23 = 0. Let h(s) = 2*s**3 - 2*s**2 - 30*s + 7. Let k be h(g). Calculate the greatest common factor of k and 51.
51
Let q be (14 - 8) + 1005 + 3. Calculate the greatest common factor of q and 390.
78
Let j(x) = -x**2 + 94*x + 2654. Let f be j(-22). What is the greatest common factor of f and 8364?
102
Suppose c + 14 = -2*d, -4*c + 6*c - 2*d + 34 = 0. Let m be 1/2 - (-24)/c. Let u(h) = -h + 8. Let y be u(m). Calculate the highest common factor of y and 72.
9
Suppose 16*i - 19*i = -267. Suppose 5 = -5*q, 4*q = -y + 8*q + i. Calculate the greatest common divisor of 5 and y.
5
Let z(n) = -n**3 + 8*n**2 + 6*n + 174. Let j be z(10). Let k(t) = 5*t - t**2 + 4 + 6 + 3*t. Let q be k(7). What is the highest common divisor of q and j?
17
Let y = 2714 - 2682. Calculate the greatest common factor of y and 624.
16
Suppose 92 + 8 = 25*b. Let r be (-40)/3*(-126)/105 + b. Calculate the greatest common divisor of 32 and r.
4
Let l(x) = 2*x**3 + 45*x**2 + 23*x + 29. Let y be ((-123)/(-82))/(2 - (-273)/(-132)). Let o be l(y). What is the highest common divisor of 1043 and o?
7
Suppose 29 = 9*g - 70. Let o(t) = t**3 - 10*t**2 - 8*t - 18. Let x be o(g). Calculate the greatest common divisor of x and 420.
15
Let w = 10 - 5. Suppose 5*c - 50 = 20. Suppose 2*j - 83 = -5*b, -b = 3*j - 13 - c. Calculate the highest common factor of w and b.
5
Suppose -26*c + q - 2096 = -29*c, 5*q + 672 = c. Calculate the highest common factor of c and 374.
17
Suppose 3*r - 5*p - 57 = 0, 789 = -3*r - 2*p + 888. Let m be 1158/10 - (-1)/5. What is the highest common divisor of m and r?
29
Suppose 0 = -4*j - 2*y + 750, 176*j + 570 = 179*j - y. Let g be ((-6)/(-4))/((-129)/(-126) - 1). Calculate the highest common factor of j and g.
63
Let h = 425 + -422. Suppose -117 = -3*d - 2*r, -120 = -h*d + r - 4*r. Calculate the greatest common divisor of 1 and d.
1
Let f(y) = -364 + y**2 + 2*y**2 + 6*y + 2*y**2 + 370. Let v be f(5). Suppose 2*q = -4*q + 138. Calculate the greatest common divisor of v and q.
23
Suppose l - 66 = -27. Suppose 1771 = u + 1285. Suppose -7*k + 1578 = u. What is the highest common divisor of k and l?
39
Let g = 3523 + -3447. Calculate the highest common divisor of g and 3534.
38
Let a be 8 + (-21)/28*12. Let r = a + 590. What is the highest common divisor of r and 62?
31
Let v be 15/(-25) + (1068/5 - 0). Let m = 236 - v. Calculate the greatest common divisor of 1 and m.
1
Let t = -23 - -27. Suppose -5*n + 168 + 62 = -t*w, -n + 238 = -4*w. Let l = 127 - w. Calculate the highest common divisor of l and 17.
17
Let q be (-8)/24*(-873 - -15). Calculate the highest common divisor of q and 520.
26
Let m = -522 + 972. Let l = -300 + m. Calculate the highest common divisor of l and 200.
50
Suppose y = -11*y - 12. Let s be (1 + 0)/(((-3)/y)/39). What is the highest common factor of s and 26?
13
Let w(s) = s**2 - 32*s + 446. Let m be w(13). Calculate the greatest common factor of 34228 and m.
199
Suppose 914*y - 5*z = 912*y + 31, 4*z = 20. Let r be (-1 - -3) + 3 + -1. Suppose 5*a - r - 16 = 0. What is the highest common factor of y and a?
4
Suppose 0 = -23*m + 64*m - 401936 + 29328. Calculate the highest common factor of m and 213.
71
Let j = -948 - -1775. Suppose 2*d + 53 - j = 0. Calculate the highest common divisor of 9 and d.
9
Suppose -88*m + 3135 = -73*m. Suppose -8 = -p - 29. Let k be 55/3 - 14/p. What is the highest common factor of k and m?
19
Suppose 323*a - 757*a = -343*a - 8008. Let j(u) = 2*u**2 + 4. Let x be j(3). Calculate the highest common divisor of a and x.
22
Suppose 18*l = 14*l + 1164. Suppose 22*z + l - 1787 = 0. Suppose -3*v = -2*f - 41, 0 = -3*f + 1 + 14. Calculate the highest common divisor of v and z.
17
Suppose -3*p + 59 = -13. Let s be (10 - 5)*p/10. Let h = 231 - 99. Calculate the greatest common factor of h and s.
12
Let p be ((-5980)/780)/((2 - 1)/(-3)). Calculate the greatest common factor of 184 and p.
23
Let r = -104 - -110. Suppose p + 3*w + 60 = r*p, -4*p + 51 = -3*w. Calculate the highest common divisor of 36 and p.
9
Suppose -4*s = -5*o - 3*s + 200, 0 = 4*s - 20. Let b(f) = f**3 - 42*f**2 + 42*f - 39. Let u be b(o). Calculate the highest common factor of 10 and u.
2
Let w be (-3)/3 - (-3 - 2). Suppose 5*d = d + w, n = -5*d + 5. Let v(z) = z**2 + 11. Let b be v(n). Calculate the highest common factor of 121 and b.
11
Let w(h) = -h**3 + 14*h**2 + 4*h - 27. Let f be w(11). Calculate the highest common factor of f and 55.
5
Let l be 886/(-3) - (-15)/45. Let i be (-30)/4*3422/l. Suppose 4*j - 104 = 12. Calculate the highest common divisor of j and i.
29
Suppose 1297*x = 1293*x + 528. Let v = 133 - x. What is the highest common divisor of v and 4?
1
Let q = -180 + 180. Suppose q = -4*l + 5*y + 916, l + 460 = 3*l - 2*y. Calculate the greatest common factor of 26 and l.
26
Suppose 2*i = -2*h - 2, 23*h - 17*h = -2*i + 30. What is the highest common divisor of h and 24?
8
Let j(z) = -z**2 - 47*z + 152. Let f be j(-50). Suppose -730 = -5*g + 4*d, 0*d = -4*g - f*d + 610. What is the highest common factor of g and 225?
75
Let h(n) = n - n**2 + 24 - 19 + 0*n + n**3. Let w be h(0). Suppose 0*m + 30 = l - 5*m, -4*m = 5*l - 92. Calculate the greatest common divisor of w and l.
5
Suppose 2*f - 10 = -0*f. Let k = 93 + 53. Let p = k - 141. Calculate the greatest common divisor of f and p.
5
Let m be (-3 - (-46 - -1))*(-8)/(-16). Suppose -367 = -3*t - 2*w + 448, 0 = t - 5*w - 283. Calculate the highest common divisor of m and t.
21
Suppose a = 2*p - p - 190, 3*p - a - 564 = 0. Suppose -2*l + 106 = -27*c + 31*c, -2*c = 5*l - 257. What is the highest common divisor of l and p?
17
Let y = -91 + 95. Let b be (-9)/(-36) + 2 + 459/y. Calculate the highest common factor of b and 156.
39
Suppose 3*v + 320210 = 74*v. Calculate the greatest 